{"id":35,"date":"2018-12-19T10:59:13","date_gmt":"2018-12-19T10:59:13","guid":{"rendered":"https:\/\/hilfskasse-bvg.de\/?page_id=35"},"modified":"2023-01-02T10:56:44","modified_gmt":"2023-01-02T10:56:44","slug":"mitgliedschaften","status":"publish","type":"page","link":"https:\/\/hilfskasse-bvg.de\/?page_id=35","title":{"rendered":"Mitgliedschaften"},"content":{"rendered":"\n<p>Mitglieder k\u00f6nnen werden:<br>Besch\u00e4ftigte der Berliner Verkehrsbetriebe A\u00f6R (BVG), Besch\u00e4ftigte der Tochtergesellschaften der BVG, Besch\u00e4ftigte von Unternehmen mit BVG- Beteiligung und deren Ehegatten\/Lebenspartner, Kinder \u00fcber 18 Jahre gem\u00e4\u00df \u00a7 3 Nr. 1.1. Buchstabe b) der Satzung, Eltern, Gro\u00dfeltern, Geschwister und halbb\u00fcrtige Geschwister (Stiefgeschwister), Enkel und Urenkel, Verschw\u00e4gerte (\u00a7 1590 BGB), -und deren Lebenspartner \/&nbsp;Lebenspartnerinnen bzw. Kinder.<\/p>\n\n\n\n<h2><\/h2>\n\n\n\n<p>Den Aufnahmeantrag k\u00f6nnen Sie telefonisch oder \u00fcber E-Mail anfordern sowie direkt \u00fcber den Link unten aufrufen.<br>Hierzu ist das Programm Acrobat Adobe Reader erforderlich<\/p>\n\n\n\n<figure class=\"wp-block-table alignleft is-style-regular\"><table><tbody><tr><td><strong><u><a href=\"https:\/\/hilfskasse-bvg.de\/wp-content\/uploads\/2019\/01\/Aufnahmeantrag.pdf\">Aufnahmeantrag<\/a><\/u><\/strong><br><strong><u><a href=\"https:\/\/hilfskasse-bvg.de\/wp-content\/uploads\/2019\/01\/Beratungsprotokoll_Hilfskasse_BVG.pdf\">Beratungsprotokoll<\/a><\/u><\/strong><br><strong><u><a href=\"https:\/\/hilfskasse-bvg.de\/wp-content\/uploads\/2023\/01\/Produktinformationsblatt.pdf\" data-type=\"URL\">Produktinformationsblatt<\/a><\/u><\/strong><br><\/td><td><strong><u><a href=\"https:\/\/hilfskasse-bvg.de\/wp-content\/uploads\/2019\/01\/Aufnahmeantrag_-Angehoerige.pdf\">Aufnahmeantrag Angeh\u00f6rige<\/a><\/u><\/strong> <br><strong><u><a href=\"https:\/\/hilfskasse-bvg.de\/wp-content\/uploads\/2019\/01\/Beratungsprotokoll_Hilfskasse_BVG.pdf\">Beratungsprotokoll<\/a><\/u><\/strong><br><strong><u><a href=\"https:\/\/hilfskasse-bvg.de\/wp-content\/uploads\/2023\/01\/Produktinformationsblatt.pdf\" data-type=\"URL\">Produktinformationsblatt<\/a><\/u><\/strong> <\/td><\/tr><\/tbody><\/table><\/figure>\n\n\n\n<p><em>&nbsp;<\/em><\/p>\n","protected":false},"excerpt":{"rendered":"<p>Mitglieder k\u00f6nnen werden:Besch\u00e4ftigte der Berliner Verkehrsbetriebe A\u00f6R (BVG), Besch\u00e4ftigte der Tochtergesellschaften der BVG, Besch\u00e4ftigte von Unternehmen mit BVG- Beteiligung und<\/p>\n","protected":false},"author":1,"featured_media":0,"parent":0,"menu_order":0,"comment_status":"closed","ping_status":"closed","template":"","meta":[],"_links":{"self":[{"href":"https:\/\/hilfskasse-bvg.de\/index.php?rest_route=\/wp\/v2\/pages\/35"}],"collection":[{"href":"https:\/\/hilfskasse-bvg.de\/index.php?rest_route=\/wp\/v2\/pages"}],"about":[{"href":"https:\/\/hilfskasse-bvg.de\/index.php?rest_route=\/wp\/v2\/types\/page"}],"author":[{"embeddable":true,"href":"https:\/\/hilfskasse-bvg.de\/index.php?rest_route=\/wp\/v2\/users\/1"}],"replies":[{"embeddable":true,"href":"https:\/\/hilfskasse-bvg.de\/index.php?rest_route=%2Fwp%2Fv2%2Fcomments&post=35"}],"version-history":[{"count":25,"href":"https:\/\/hilfskasse-bvg.de\/index.php?rest_route=\/wp\/v2\/pages\/35\/revisions"}],"predecessor-version":[{"id":496,"href":"https:\/\/hilfskasse-bvg.de\/index.php?rest_route=\/wp\/v2\/pages\/35\/revisions\/496"}],"wp:attachment":[{"href":"https:\/\/hilfskasse-bvg.de\/index.php?rest_route=%2Fwp%2Fv2%2Fmedia&parent=35"}],"curies":[{"name":"wp","href":"https:\/\/api.w.org\/{rel}","templated":true}]}}